 -5*s - 30, a = 4*s + 18. Let z = a - 11. Calculate the remainder when z is divided by 14.
13
Suppose 0 = 2*g + s - 19, -43 = -4*g - 0*s - s. Let w = -12 + 17. Calculate the remainder when g is divided by w.
2
Let y be (-2)/4*(2 + -2). Suppose y = -2*d + 2*n + 20, 7*n + 52 = 5*d + 4*n. Let v(t) = -5*t - 3. Calculate the remainder when v(-7) is divided by d.
10
Suppose 4*n - 20 = -n. Suppose 8 = n*z, -b - 36 = -2*b + 3*z. Calculate the remainder when b is divided by 11.
9
Suppose -6*t + 4*t + 10 = 0. Suppose -t*n + 30 = -0*n. Calculate the remainder when 11 is divided by n.
5
Suppose 2*u = -2*u. Let n = u + 3. Suppose -5*i + 2*i - 3*c = -69, 5*i + n*c = 107. Calculate the remainder when 73 is divided by i.
16
Suppose 0*u - 2*u = j + 12, -4*j - 38 = -2*u. Let c = 18 + j. Calculate the remainder when 22 is divided by c.
6
Let q(o) = -o**3 - o**2 - 10. Let l be q(0). Let s = l + 38. Calculate the remainder when s is divided by 10.
8
Let j(v) = -21*v**2 - 26*v + 19. Let t(n) = 4*n**2 + 5*n - 4. Let p(u) = 2*j(u) + 11*t(u). Calculate the remainder when p(-5) is divided by 15.
14
Suppose 0*h + 3*h - 6 = 0. Let b = 30 - 21. What is the remainder when b is divided by (8 - 6) + 1 + h?
4
Suppose 2 = -h + 1, 5*w - 31 = -4*h. Suppose w = 5*z - 8. Calculate the remainder when 6 is divided by z.
0
Let w(q) = 3*q - 2. Let t be (-2 + -1)*(-16)/48. What is the remainder when 1 is divided by w(t)?
0
Let a(g) = -g**3 + 11*g**2 + 14*g + 14. What is the remainder when a(12) is divided by 11?
5
Suppose -6*k = -118 - 8. Calculate the remainder when k is divided by 5.
1
Let q = 20 - 54. Suppose -2*b - 3*b = c - 76, 247 = 4*c + b. Let t = q + c. What is the remainder when t is divided by 10?
7
Let s = -34 + 48. Calculate the remainder when 139 is divided by s.
13
Suppose 5*r + 3 = 168. What is the remainder when r is divided by (-4)/20 + 138/15?
6
Let m(s) = -s**2 - s + 82. Let h be m(0). Suppose -4*q - q = -5*g + 110, 0 = 3*g + q - h. What is the remainder when 49 is divided by g?
23
Suppose -n - 5*y + 45 = 0, 2*n - y - 28 = 40. Let g = 0 - 1. What is the remainder when n is divided by (-6 - (-1 + g))*-3?
11
Let h(p) = -4*p + 4. Let q be h(7). Let y be (-20)/(-6)*q/(-10). Suppose 12 = 3*x, 4*w + y*x = 3*x + 68. What is the remainder when 35 is divided by w?
11
Let v be 10/(-4)*-26 - 1. Let z = v - -29. Let x = 148 - z. Calculate the remainder when x is divided by 19.
17
Suppose 0*a = 3*a - 9. Suppose -123 = o - 4*i + 3*i, -2*o + a*i - 244 = 0. What is the remainder when o/(-4) - 2/8 is divided by 16?
15
Let k be 4/(-6)*(1 + -7). Suppose -q + 6 = -k. Let c = q - 5. Calculate the remainder when 14 is divided by c.
4
Let l = -18 - 3. Let m(c) = -13*c**3 - 2*c - 1. What is the remainder when 3 - (l/1 + -1) is divided by m(-1)?
11
Let g(i) = i**3 + 9*i**2 + 3*i - 3. What is the remainder when g(-7) is divided by 15?
14
Let g = -2 + 51. Calculate the remainder when g is divided by 13.
10
Suppose d + 446 = 5*d - 5*s, 0 = -2*d + 2*s + 224. What is the remainder when d is divided by 39?
36
Suppose -3 = 2*m + 3*a - 15, 5*m - 30 = -5*a. Let i(u) = u**3 - 4*u**2 + 5*u - 2. Calculate the remainder when m is divided by i(3).
2
Suppose -3*q = -5*f - 140, -4*q - 5*f + 210 = -0*f. Suppose 3*v + 2*v = q. What is the remainder when 38 is divided by v?
8
Let z be 1 + (24 - (-4 + 2)). Let v = z - 19. Suppose 0*s - 20 = -5*r + s, 0 = 4*r - 5*s - 37. Calculate the remainder when v is divided by r.
2
Suppose -2*q = -2 - 2. Suppose -4 = -2*c + c, 2*t - 2*c = -q. Calculate the remainder when 7 is divided by t.
1
Suppose 0 = -c + 5 + 1. What is the remainder when 52 is divided by ((-54)/(-4))/(c/8)?
16
Let r(u) = -2*u**2 - 33*u + 18. What is the remainder when r(-15) is divided by 5?
3
Suppose -2*s + 57 = 3*h, 5 + 25 = s + 2*h. What is the remainder when 116 is divided by s?
20
Let s be (-2)/((-4)/8 + 0). Suppose -588 = -3*m - s*m. Calculate the remainder when m is divided by 29.
26
Suppose 6*n - n = 25. Calculate the remainder when 8 is divided by n.
3
Suppose -2*n = -5*u + 96, 0*u - 5*n = 2*u - 50. What is the remainder when u is divided by 13?
7
Let b(c) = 13*c. Let x be b(1). Suppose 3*q - x = 23. Calculate the remainder when ((-140)/(-6))/(10/15) is divided by q.
11
Let r be 3/(-3)*2 - -7. Suppose 3*a - r*c - 102 = 0, -2 = -4*c + 10. What is the remainder when a is divided by 20?
19
Suppose 7*b + 22 = 9*b. What is the remainder when b is divided by 4?
3
Let l(p) = 0*p - 9 - 5*p**3 - 4*p + 4*p**3 + 8*p**2. What is the remainder when 46 is divided by l(7)?
10
Let s(z) = -z**3 + 5*z**2 - 3*z - 3. Let p be s(4). Suppose p = -r + 8. Calculate the remainder when r is divided by 4.
3
Suppose 3*o = 4*g + 27, 0*o - 11 = 2*g + o. Let z be (-40)/6*(-9)/(-2). Let b = g - z. What is the remainder when 71 is divided by b?
23
Let f = -40 - -20. Calculate the remainder when 434/10 + 8/f is divided by 15.
13
Let o = 5 - 2. Suppose -o*u - 10 = -5*u. Suppose 4*x - u*x + 41 = 0. What is the remainder when x is divided by 14?
13
Suppose 0 = 2*n - 6*n + 24. Let y(j) = -5*j + 2*j**3 + n*j**2 - 7*j - j**3 - 13 + 2*j**2. What is the remainder when 54 is divided by y(-9)?
12
Suppose 5*l + 1 - 16 = 0. Suppose l*h - 8 = -20, -5*h - 88 = -4*m. Let u = m - 7. Calculate the remainder when 28 is divided by u.
8
Suppose 4*i - 3 = -23, -99 = -2*r + 5*i. Let f = r - 18. What is the remainder when 54 is divided by f?
16
Let h be 2/3 + (-10)/15. Suppose 5*k = -h*k + 75. Let y(a) = 2*a**3 - 2*a**2 + 4*a - 4. Calculate the remainder when y(3) is divided by k.
14
Let y = 10 - 8. Suppose 0*q = -y*q + 30. Calculate the remainder when q is divided by 9.
6
Suppose 4*k + 23 = h, -2*k - h - 13 = -2*h. Calculate the remainder when (-2 - k)/((-6)/(-4)) is divided by 1.
0
Suppose -3 + 98 = 5*o. Let d(w) = -15*w - 4. What is the remainder when d(-4) is divided by o?
18
Let b = 114 + -80. Calculate the remainder when b is divided by 4.
2
Suppose 48 = 4*m - 4*a + a, 3*m = 3*a + 36. What is the remainder when 47 is divided by m?
11
Suppose 3*b = 2*r - 24, 5*r + 5*b + 14 = 4*r. Suppose c = r*c - 155. Let p = -23 - -34. What is the remainder when c is divided by p?
9
Let i(q) = q**3 - 11*q**2 - 10*q + 18. Let v = 18 + -6. What is the remainder when i(v) is divided by 15?
12
Calculate the remainder when 18 + (-4 - 1) + 3 is divided by 6.
4
Let j be -3*(-4)/6 + 2. Let o(x) = -5*x + 1. Let c be o(-1). Suppose -26 = -j*m - c. What is the remainder when 9 is divided by m?
4
Let p(d) = -5*d - 1 + 2*d - 6*d - d + d**2. What is the remainder when 17 is divided by p(11)?
7
Let v = -98 + 137. What is the remainder when v is divided by 10?
9
Suppose -3*h + 230 = 2*h. Calculate the remainder when h is divided by 16.
14
Let f be (1/(-2))/((-1)/8). Suppose f*o - 4*j = 100, j - 27 + 77 = 2*o. Calculate the remainder when o is divided by 9.
7
Calculate the remainder when 75/20*12*1 is divided by 16.
13
Let g = 96 + -58. Calculate the remainder when g is divided by (-12)/2*20/(-6).
18
Let f(o) be the second derivative of -o**5/20 - o**4 - 13*o**3/6 - 3*o**2 + 8*o. Suppose -2*z - 25 + 83 = 0. What is the remainder when z is divided by f(-11)?
13
Let c(z) = z**3 + 6*z**2 - 9*z - 4. Let n = 5 + -11. Let a be c(n). Suppose -a = 3*d - 4*d. Calculate the remainder when d is divided by 17.
16
Suppose 2 = -x - 3*r, 5*r + 65 = 2*x + 25. Let d be 16/6 + (-2)/(-6). Calculate the remainder when ((-58)/4)/(d/(-6)) is divided by x.
9
Let b = -27 - -73. What is the remainder when b is divided by 10?
6
Let f = -159 + 284. Calculate the remainder when f is divided by 42.
41
Suppose -18 - 23 = -l. Calculate the remainder when (-13 + 10)*l/(-3) is divided by 11.
8
Suppose -2*d - 1 - 3 = 0. Let y(g) = -2*g - 1. What is the remainder when (d/3)/((-2)/24) is divided by y(-2)?
2
Let a(z) = z**3 + 12*z**2 + 6*z + 8. What is the remainder when a(-9) is divided by 50?
47
Suppose -o + 4*o - 87 = 0. Let d = 4 + -6. Let x = d - -12. What is the remainder when o is divided by x?
9
Let q = -8 - -25. Calculate the remainder when 25 is divided by q.
8
Let f(g) = 2*g**2 + 8*g - 4. Let p be f(-6). Suppose h = -2*r + 19, 2*h - 3*r + r - p = 0. Calculate the remainder when 24 is divided by h.
11
Let m = 31 + -10. What is the remainder when 61 is divided by m?
19
Suppose 2*d - 1 = 2*t + 5, -5